{"version":"1.0","provider_name":"Vezzosi Arredamenti ","provider_url":"https:\/\/vezzlingue.sviluppo.host\/fr\/","author_name":"Sito web","author_url":"https:\/\/vezzlingue.sviluppo.host\/fr\/author\/admin\/","title":"Poste de travail de coiffeur Collection Curve - double miroir frontal \u00e0 lattes","type":"rich","width":600,"height":338,"html":"<blockquote class=\"wp-embedded-content\"><a href=\"https:\/\/vezzlingue.sviluppo.host\/fr\/Prodotti\/poste-de-travail-coiffeur-ile-centrale-eclaire\/\">9836 CURVE<\/a><\/blockquote>\n<script type='text\/javascript'>\n<!--\/\/--><![CDATA[\/\/><!--\n\t\t\/*! This file is auto-generated *\/\n\t\t!function(d,l){\"use strict\";var e=!1,n=!1;if(l.querySelector)if(d.addEventListener)e=!0;if(d.wp=d.wp||{},!d.wp.receiveEmbedMessage)if(d.wp.receiveEmbedMessage=function(e){var t=e.data;if(t)if(t.secret||t.message||t.value)if(!\/[^a-zA-Z0-9]\/.test(t.secret)){for(var r,i,a,s=l.querySelectorAll('iframe[data-secret=\"'+t.secret+'\"]'),n=l.querySelectorAll('blockquote[data-secret=\"'+t.secret+'\"]'),o=new RegExp(\"^https?:$\",\"i\"),c=0;c<n.length;c++)n[c].style.display=\"none\";for(c=0;c<s.length;c++)if(r=s[c],e.source===r.contentWindow){if(r.removeAttribute(\"style\"),\"height\"===t.message){if(1e3<(a=parseInt(t.value,10)))a=1e3;else if(~~a<200)a=200;r.height=a}if(\"link\"===t.message)if(i=l.createElement(\"a\"),a=l.createElement(\"a\"),i.href=r.getAttribute(\"src\"),a.href=t.value,o.test(a.protocol))if(a.host===i.host)if(l.activeElement===r)d.top.location.href=t.value}}},e)d.addEventListener(\"message\",d.wp.receiveEmbedMessage,!1),l.addEventListener(\"DOMContentLoaded\",t,!1),d.addEventListener(\"load\",t,!1);function t(){if(!n){n=!0;for(var e,t,r=-1!==navigator.appVersion.indexOf(\"MSIE 10\"),i=!!navigator.userAgent.match(\/Trident.*rv:11\\.\/),a=l.querySelectorAll(\"iframe.wp-embedded-content\"),s=0;s<a.length;s++){if(!(e=a[s]).getAttribute(\"data-secret\"))t=Math.random().toString(36).substr(2,10),e.src+=\"#?secret=\"+t,e.setAttribute(\"data-secret\",t);if(r||i)(t=e.cloneNode(!0)).removeAttribute(\"security\"),e.parentNode.replaceChild(t,e)}}}}(window,document);\n\/\/--><!]]>\n<\/script><iframe sandbox=\"allow-scripts\" security=\"restricted\" src=\"https:\/\/vezzlingue.sviluppo.host\/fr\/Prodotti\/poste-de-travail-coiffeur-ile-centrale-eclaire\/embed\/\" width=\"600\" height=\"338\" title=\"\u00ab\u00a09836 CURVE\u00a0\u00bb &#8212; Vezzosi Arredamenti \" frameborder=\"0\" marginwidth=\"0\" marginheight=\"0\" scrolling=\"no\" class=\"wp-embedded-content\"><\/iframe>","thumbnail_url":"https:\/\/vezzlingue.sviluppo.host\/wp-content\/uploads\/2021\/02\/Postazione-di-lavoro-da-parrucchiere-della-collezione-curve-con-doppio-specchio-centrale-illuminato-e-isola-a-listelli-1.jpg","thumbnail_width":600,"thumbnail_height":600,"description":"Poste de travail du coiffeur avec plateau en plastique stratifi\u00e9 blanc brillant, supports lat\u00e9raux en polyur\u00e9thane blanc, repose-pieds frontal en acier avec \u00e9clairage int\u00e9gr\u00e9. Le poste de travail innovant de la collection Curve de Santachiara cr\u00e9e un \u00eelot de d\u00e9tente, parfait pour accueillir les clients et les accompagner vers leur changement de look gr\u00e2ce \u00e0 [&hellip;]"}

Poste de travail de coiffeur Collection Curve - double miroir frontal à lattes

Poste de travail du coiffeur avec plateau en plastique stratifié blanc brillant, supports latéraux en polyuréthane blanc, repose-pieds frontal en acier avec éclairage intégré. Le poste de travail innovant de la collection Curve de Santachiara crée un îlot de détente, parfait pour accueillir les clients et les accompagner vers leur changement de look grâce à [&hellip;]
